 c be t(-5). Suppose -4*b = c*u, -b + 5*b = 3*u - 10. What is the units digit of u?
2
Suppose -5*s = 14 + 1. Let v(r) = r**2 - 2*r + 2. Let y be v(4). Let z = y - s. What is the units digit of z?
3
Suppose -2*y + 43 + 17 = 0. What is the tens digit of y?
3
Let f(a) be the second derivative of -a**3/6 + 3*a**2 - a. What is the units digit of f(-6)?
2
Let t = 163 - 65. What is the tens digit of t?
9
Let w(g) = g**2 - g + 3. Let p be w(3). Let r = 24 - p. What is the units digit of r?
5
Suppose 0*j = 5*j. Suppose 3*i + i - 16 = j. Suppose -4*h + 3*b = -10, 8*h = i*h - 2*b + 20. What is the units digit of h?
4
Let h be 4/5*(-10)/1. Let r be (-10)/h - 2/8. Let m = 6 - r. What is the units digit of m?
5
Let h(s) = -s**2 + 13*s - 11. Let d be h(8). What is the units digit of d/2 + 2/(-4)?
4
Let x(z) be the third derivative of -z**4/12 + 2*z**3/3 + 4*z**2. Let m be x(-4). Suppose -5*o + 8 = -m. What is the units digit of o?
4
What is the units digit of 180/8*(-16)/(-6)?
0
Let j(u) = 9*u - 7. What is the tens digit of j(4)?
2
Let u(i) = -4*i**2 - 3*i - 1. Let w = -7 - -5. Let x be u(w). Let t = 20 + x. What is the units digit of t?
9
Suppose 0 = -2*q - 1 - 7. Suppose -2*s + 0*s + 26 = 0. Let u = s + q. What is the units digit of u?
9
What is the tens digit of 10*((-75)/6)/(-5)?
2
Let f = -4 + -40. Let k = -27 - f. What is the units digit of k?
7
Let q = 30 + 17. What is the units digit of q?
7
Let l be (-16 - -15)*(-1 + -2). Suppose -8*f + 125 = -l*f. What is the tens digit of f?
2
Let s = -1 - 3. Let d(u) = u**3 + 3*u**2 - 4*u - 1. Let v be d(s). What is the units digit of 0/v - -2*1?
2
Let p be (3 - 17)*-3*1. Suppose -b + 3*b = p. What is the units digit of b?
1
Let y(b) = b**2 + 9*b - 25. What is the hundreds digit of y(-23)?
2
Let z(u) = -14*u**2 - 5 + 15*u**2 - 5*u + 4. Let o be z(6). Suppose 3*x + 2*x + 7 = 3*j, 4*j - 16 = o*x. What is the units digit of j?
9
Suppose -4*f + 26 = -2. Suppose 3*r - f*r = -84. What is the units digit of r?
1
Let y = 275 + -107. What is the units digit of y?
8
Let i = -8 - -9. Suppose -i = -r, r + 24 = b - 0*r. What is the units digit of b?
5
Suppose -2*x - 6 = -4*x. Let o be 56 - (2 - 2/2). Suppose -x = 4*j - o. What is the units digit of j?
3
Let h(v) = 0*v**2 - 4*v**3 - v**2 + 0*v**2 - 9*v**3. What is the tens digit of h(-1)?
1
Let c(d) = 3*d - 4. Let t be c(6). Let u = 20 - t. What is the units digit of u?
6
Let k be 14/6*(12 + -6). Suppose 0 = 3*a - 4*i - k, -2*a - 4*i + 0 = 24. Let g(l) = -l**3 - 2*l**2 - 3*l - 1. What is the units digit of g(a)?
5
Let o be -3*1 + 27/(-3). Let m = 14 + o. What is the units digit of m?
2
Let v(c) be the second derivative of c**6/720 + 7*c**5/120 - c**4/4 - c. Let w(n) be the third derivative of v(n). What is the units digit of w(-6)?
1
Let a be (2 - 2 - -2) + -1. Let d be a + -1 + 1 - -1. Suppose 0*i - d*i + 18 = 0. What is the units digit of i?
9
Let s(b) = -b**3 + 8*b**2 - 3*b. Let v be s(5). Suppose 3*a = 4*n - 100, -2*n - 5*a + v = -4*a. What is the tens digit of n?
2
Let f = 4 - 2. What is the units digit of 11 + 0/(f - 1)?
1
Let o be 15*(-2 - 8/(-6)). Let c be (7 - -48)*(-4)/o. What is the units digit of 136/c - 4/22?
6
Let i be (-9)/(3/(-3*1)). Suppose -3*h - i = -6*h. Suppose 0 = 5*r - 5*j, -h*j = 5*r - 6 - 18. What is the units digit of r?
3
Let z(k) = -2 - 3*k**2 + k**3 - 4*k**3 + 7*k**2 + 4*k**3. What is the units digit of z(-3)?
7
Suppose 3*w - 5 = 3*v + 2*w, -v = 5*w - 25. Suppose 2*d - 17 - 35 = v. What is the units digit of d?
6
Let f(h) = -h**3 - 2*h**2 + 14*h + 8. What is the units digit of f(-7)?
5
Let o(s) = 7*s**3 - s**2 - 12*s + 11. Let g(x) = -6*x**3 + 11*x - 10. Let w(z) = -6*g(z) - 5*o(z). What is the tens digit of w(-5)?
3
Let y = -154 - -222. What is the units digit of y?
8
Let a(w) = -5*w**2 - 13*w + 19. Let t(r) = -2*r**2 - 6*r + 9. Let g(j) = -3*a(j) + 7*t(j). What is the tens digit of g(4)?
1
Suppose 0 = 2*z - 4*p + 14, -z + p - 4*p + 3 = 0. What is the tens digit of (33 - -1)/(-1 - z)?
1
Let c be (-3)/(-5) - 188/(-20). Let t = -6 + c. What is the units digit of (-204)/(-16) - (-1)/t?
3
Suppose -2*i + 35 = 11. Suppose -i - 120 = -4*m. What is the tens digit of m?
3
Suppose -5*y + 5*c = -215, 5*y - 196 = y - 2*c. What is the units digit of y?
7
What is the tens digit of 2/(2 + 213/(-108))?
7
Let k(u) = -u**3 + 6*u**2 + 7*u + 3. Let x be k(7). Let r(z) = 2*z**2 + z - 4. What is the tens digit of r(x)?
1
Let d = 3 + 0. Let c = d + 10. What is the tens digit of c?
1
Let j(r) = -17*r + 1. Let i be j(-6). Suppose 3*w + 0 = 5*o - i, -w + 39 = 2*o. What is the tens digit of o?
2
Suppose 3*d - 7 = l - 28, -105 = -5*l + 4*d. Suppose -1 = -5*z - l. Let y(k) = -k**3 - 3*k**2 + 2*k - 4. What is the units digit of y(z)?
4
Suppose -l - 14 = -3*l - 5*w, 5*w = 5*l. Suppose -2*z - 16 = -p + 9, -5*z - 65 = -l*p. Let f = z - -25. What is the units digit of f?
0
Suppose 4*q + 66 = 7*q. What is the units digit of q?
2
Let m be (3 - 1) + 2*1. Suppose -2*x + m = -4. What is the units digit of 29/x - (-4)/(-16)?
7
Suppose -4*y = -3*y - q - 28, 5*y = -4*q + 149. What is the tens digit of y?
2
Suppose -31 = -l + z, -l - 5*z = 2*l - 101. Suppose o = 5*o - l. What is the units digit of (1 - o*1)*-1?
7
Let q(s) = 10*s**2 + s - 1. Let n be q(1). Suppose n = -d + 3*d. Suppose 2*g + 1 = d. What is the units digit of g?
2
Let b(l) = l**3 + 8*l**2 + 6*l - 4. Let w = 15 + -22. Let n be b(w). Suppose -n*s = -q - 8, 4*s + 2 = s - 4*q. What is the units digit of s?
2
Suppose 0 = 4*c + 3*w, 3*w = -5*c - w - 1. Suppose c*h - h = -4, 0 = q + 4*h - 18. What is the units digit of q?
6
What is the units digit of (3 + -12)*(-1)/(-3)*-2?
6
Suppose 4*h + 0*h = -2*j + 30, -h + 57 = 5*j. What is the units digit of j?
1
Let q = -9 - -44. What is the units digit of 186/10 - (-14)/q?
9
Suppose -x = -5*x + 180. Suppose -u - 4*u - x = 0. What is the units digit of u/12 + 22/8?
2
Suppose 0 = 4*r - 695 - 185. Suppose 5*g - 24 = -0*o - o, 5*o + 5*g = r. What is the tens digit of o?
4
Let v = -13 - -15. Suppose 0*y - 4 = -2*y. What is the units digit of y/v*(-5 + 12)?
7
Suppose -a + 9 = -10. What is the tens digit of a?
1
Let m be (2/(-3))/(2/87). Let r = 53 + m. Suppose 0*y = 2*d + y - 3, -4*y = -d + r. What is the units digit of d?
4
Suppose 3*c + 2*w - 179 = 0, -3*c + 0*c + 3*w + 189 = 0. What is the units digit of c?
1
Let q be (-2)/(-4)*(9 + -3). Let d be 2538/(-42) + q/7. What is the units digit of d/2*2/(-5)?
2
Suppose 0 = -4*h + 8 + 16. Suppose -2*k + h = 18. What is the tens digit of (9/k)/(2/(-20))?
1
Let l(y) = -3*y - 1. Let z be l(-1). Suppose 0 = -z*m + 8 + 6. Suppose -m*v = -3*v - 40. What is the tens digit of v?
1
Let r(k) = 14*k**3 - k + 1. What is the tens digit of r(1)?
1
Let p = 17 - 51. What is the units digit of -1 + -2 - p - -3?
4
Let l(k) = k**3 - 3*k**2 + k + 2. Suppose 2*g + 13 = 3*m, -2*m + 4*g + 12 = g. What is the units digit of l(m)?
5
Let z = -17 - -42. Suppose m + 4 + z = 3*a, -m - 18 = -2*a. What is the units digit of a?
1
Let m = -2 - -4. Suppose p = -1 - m. Let d(a) = a**2 + 3*a + 3. What is the units digit of d(p)?
3
What is the units digit of 24/(-10)*(-900)/24?
0
Suppose -b - 4*z + 14 = -4*b, 4*b + 5*z = 33. Suppose 10 = 2*q - 3*i, -2*i + 7 = 3. Suppose -3*g + 50 = -2*l + 3*l, 0 = b*l + q. What is the units digit of g?
8
Let q = -56 + 139. What is the tens digit of q?
8
Let o(y) = -y**3 + 2*y**2 + y + 4. Let g be o(3). What is the units digit of g*116/(-24)*3?
9
What is the units digit of 26/(-20)*-104 + 2/(-10)?
5
Let h(w) = 2*w**2 - 4*w - 35. What is the tens digit of h(-11)?
5
Let b = 52 + -26. Suppose -2*x + b = 4*l - l, -5*l = -x - 26. What is the units digit of l?
6
Suppose 8 = z + z. Suppose 2*h - z*h = -8. Suppose -8*l + 4*l = 5*o - 62, -h*l + 5*o = -42. What is the tens digit of l?
1
Suppose 3*z + 5*t - 921 = -0*t, -307 = -z - 2*t. What is the units digit of z?
7
Let a(m) be the second derivative of m**3/6 + 5*m**2/2 - m. Let o be a(-3). Suppose -7 = o*s - 3*s. What is the units digit of s?
7
Let t(h) = 14*h + 1. Let f be t(1). Suppose 5*q - f = 2*q. Suppose j - 3*m + 3 = 0, 0*j - q*m + 1 = -3*j. What is the units digit of j?
3
Suppose -3*t = 2*g - 15, -1 = -2*g + 5. What is the units digit of t?
3
What is the units digit of 16/(-40) - 3/(15/(-232))?
6
Let 